Suppose -33*t + 326 = -w. What is the remainder when 149 is divided by t?
24
Let q = -1784 + 1823. Let i(g) = 128*g + 3. What is the remainder when i(3) is divided by q?
36
Calculate the remainder when (-1)/6 + 111/18 + 805 is divided by 270.
1
Suppose 4*n - 291 + 1251 = 0. What is the remainder when 131 is divided by 2/(n/42 - -6)?
5
Let s(p) = p**2 + 2*p - 77. What is the remainder when 673 is divided by s(11)?
13
Let k(f) = -91*f - 56. Let g be k(7). Let a = 1303 + g. Suppose -2*w + a - 120 = 0. Calculate the remainder when w is divided by 31.
28
Let r = 4569 - 3948. Calculate the remainder when r is divided by 310.
1
Let n be 1/(-2) - 1215/(-18). Let v = n + -62. Suppose v*p + 0*l - 130 = l, -3*l = 4*p - 123. What is the remainder when p is divided by 17?
10
Suppose 3*m = 3 + 3. Let v = 158368 + -158333. Calculate the remainder when ((-103)/m)/((-1)/2) is divided by v.
33
Let b = 804 - 502. Let i = b + -282. Calculate the remainder when 100 is divided by i.
0
Suppose -2*z - 5*j = -30, 5*z - 3*j - 10 = 65. Suppose 8 = -4*x + 5*x. Suppose 5*c = 7*c - x. What is the remainder when z is divided by c?
3
Let u(c) = c**3 + 5*c**2 + 9*c - 5. Let l be u(-4). What is the remainder when -6*(1 - l/(-15)) - -176 is divided by 61?
58
Suppose -3*s - 3*b - 267 = 0, -s - 4*s + 3*b - 405 = 0. Let d = -30 - s. Suppose 4*k = 106 + d. Calculate the remainder when k is divided by 2.
0
Suppose 99*l + 396 - 1881 = 0. What is the remainder when 54 is divided by l?
9
Suppose 0 = -2*x - 41*s + 46*s + 278, 2*s - 121 = -x. What is the remainder when 271 is divided by x?
13
Suppose -85 = 74*c - 307. What is the remainder when 35 is divided by c?
2
Let q(k) = 36*k + 954. Calculate the remainder when 5829 is divided by q(-26).
15
Suppose 0 = 9*f - 6*f + 12. What is the remainder when (-2 + f)*(5 + (-1758)/36) is divided by 38?
35
Let a be (-980)/36 - (-4)/18. Let j = a + 30. Suppose 5*p = -2*t + 24, -j*t + 12 = -t - p. What is the remainder when 13 is divided by t?
6
Suppose 94*g = -621 + 2407. Calculate the remainder when 1557 is divided by g.
18
Let t be ((-4)/10)/(2828/(-945) - -3). Let d be 802/10 + 6/(-30). Let s = t + d. Calculate the remainder when 101 is divided by s.
23
Let n(c) = -31*c - 1. Suppose 3 = -7*w - 18. Let f(y) = -5*y**3 - 3*y**2 - 3*y - 1. What is the remainder when f(w) is divided by n(-1)?
26
Let n = -227 - -220. Calculate the remainder when -1 + (-4 - (n - -3)) - -82 is divided by 21.
18
Let t(n) = -7*n + 1. Suppose 0 = 3*o + 7 + 2. Calculate the remainder when t(-3) is divided by 2/((-38)/14 - o).
1
Let w(d) = 2*d**2 + 198*d + 1150. Calculate the remainder when 403 is divided by w(-6).
29
Calculate the remainder when (177/(-9) - -18) + 2026/6 is divided by 57.
51
Let q be (4 - -1) + -1 + -2. What is the remainder when q/(-10) + (-6)/(-15)*68 is divided by 10?
7
Let y = 7 + 20. Let s = 73 - 71. Calculate the remainder when s*(-2)/((-12)/321) is divided by y.
26
Suppose s + 434 = 5*g - 3*s, 4*s - 466 = -5*g. Calculate the remainder when 169 is divided by g.
79
Let a(v) = -1507*v + 111. Let o be a(-10). Calculate the remainder when 22/6 + -3 + o/57 is divided by 67.
66
Let g(u) = 24*u - 870. Calculate the remainder when 49 is divided by g(37).
13
Let s = -257 + 467. Let a = s - 4. Calculate the remainder when a is divided by 16.
14
Let m(v) = -7*v + 453. Let u = -194 - -249. What is the remainder when m(u) is divided by 9?
5
Let u = 57 + -34. Let g(j) = 4*j**2 - 58*j - 17. Let l(d) = 6*d**2 - 59*d - 16. Let c(z) = 4*g(z) - 3*l(z). Calculate the remainder when u is divided by c(-27).
2
What is the remainder when 2116 is divided by 21 - ((-12)/9)/((-6)/(-36))?
28
Suppose 0 + 2 = 2*f, -2*w + 36 = 4*f. Let j = 144 + -89. What is the remainder when j is divided by w?
7
Let g = 52 - 50. Suppose u - 282 = -g*u. Calculate the remainder when u is divided by 8.
6
Suppose 2*k - 33 = 3*k. Let w = 47 + k. What is the remainder when (-36)/((-4)/(-6) - 13/6) is divided by w?
10
Let c = -28046 + 28098. Calculate the remainder when 72 is divided by c.
20
Suppose 12*g + 36 = 6*g. Let y(m) = -m + 35. Calculate the remainder when 160 is divided by y(g).
37
Let h(c) = -129*c - 559. What is the remainder when 1353 is divided by h(-5)?
63
Suppose -158*y + 1768 = -132*y. Suppose 4*t + 238 = 21*t. What is the remainder when y is divided by t?
12
What is the remainder when (27 - (-689)/(-26)) + 3035/2 is divided by 109?
101
Suppose -6 = -x + 237. Let m = 270 - x. Let r = 177 - 99. What is the remainder when r is divided by m?
24
Suppose 2*r - 188 = r - 4*o, 0 = -5*r + 3*o + 986. Suppose -t + 5*t + 236 = 0. Let p = t + 92. What is the remainder when r is divided by p?
31
Let y(t) = 9*t**2 + 328*t - 145. What is the remainder when 1639 is divided by y(-37)?
39
Suppose -4*v - f - 1252 = -240, -2*v + 5*f = 528. Let h = -120 - v. Suppose 13*n - 154 = 84 + 204. What is the remainder when h is divided by n?
32
What is the remainder when (0 - 3)/(144/(-14064)) is divided by 30?
23
Let n = 13139 - 13116. What is the remainder when 2230 is divided by n?
22
Suppose -5*g - 5*c - 4 = -29, c - 5 = 0. Let i(p) = -2*p**3 - p**2 - p + 727. Calculate the remainder when i(g) is divided by 52.
51
Let i = 62 + -57. Suppose -4*o - 122 = 5*l - 10*l, l - 7 = -i*o. What is the remainder when 108 is divided by l?
20
Let g(u) = 768*u**2 + 117*u + 23. What is the remainder when g(4) is divided by 213?
212
Suppose -73 + 1 = -6*u. Suppose -19 = -c - u. Suppose 3*o - 7*o + 40 = 0. Calculate the remainder when o is divided by c.
3
Suppose -x - 56*t = -55*t + 4, x + 5*t = -16. What is the remainder when 116 is divided by (-1*10 - x)*(-6 - -5)?
8
Suppose -2*v + l + 79 + 50 = 0, 3*v - 196 = 4*l. Suppose 41*b = 45*b - v. What is the remainder when 158 is divided by b?
14
Let d = -178 - -189. Let r(q) = 4*q**2 - 8*q - 13. What is the remainder when r(d) is divided by 32?
31
Suppose 14*h - 225 = -32*h + 21*h. What is the remainder when 161 is divided by h?
8
Let v be 23/((-23)/288) - 2. Let s = -109 - v. What is the remainder when s is divided by 37?
33
Let f be (3/12)/((-2)/64*-2). Suppose f*m = b - 28, 37*m + 194 = 5*b + 35*m. Calculate the remainder when (-2)/4 + (-466)/(-4) is divided by b.
36
Let q be ((-4)/(-2) + 12/(-16))*4. Suppose -q*v = -2*i + 59, i - 24 = -4*v + 12. Suppose i*n - 35 = 31*n. What is the remainder when 208 is divided by n?
33
Let c(k) = -6*k + 779. What is the remainder when c(40) is divided by 158?
65
Let r be -9*((-6)/(-9))/(-2). Suppose 100*j = 46*j + 486. Suppose j = -3*d, d + 114 = 2*v - r*d. What is the remainder when v is divided by 6?
3
Let f(k) = k + 7. Let b = -247 + 275. Suppose 0 = b*t - 34*t + 36. Calculate the remainder when f(11) is divided by t.
0
Let c be 356/18 + (56/9 - 6). Suppose -63 = -0*d - 3*d. What is the remainder when (-40)/1*(-30)/c is divided by d?
18
Calculate the remainder when 329 is divided by ((-195)/(-50)*2)/((8 + -2)/180).
95
Let c = -128 + 320. Let v = 213 - c. Calculate the remainder when 102 is divided by v.
18
Let b = 23499 + -22560. What is the remainder when b is divided by 158?
149
Let t be 3*5 + (6 + -8 - 2). Suppose t*g + 327 = 976. What is the remainder when g is divided by 13?
7
Let j = 21040 - 11290. What is the remainder when j is divided by 23?
21
Let k = 14994 + -14982. Calculate the remainder when 332 is divided by k.
8
Let j be -7*(-9)/21 + -1 + -3. What is the remainder when j/(-3) - 377/87 - -87 is divided by 4?
3
Suppose -6*c = 5*x - 3*c - 42, 3*x = 2*c + 29. Suppose 8 = 4*p, p - 45 = -2*w + x. What is the remainder when 76 is divided by w?
24
Let r = 12799 - 12702. Calculate the remainder when r is divided by 83.
14
Calculate the remainder when 1468 is divided by (0 + 18)*(43/14 - (-618)/1442).
19
Suppose 3*u - 1160 = 382. Suppose 305 = 21*a - u. Calculate the remainder when 189 is divided by a.
33
Let r(s) = -s**2 + 49*s - 276. Let a be r(46). Let n = 165 + a. Let d(l) = 33*l + 1. Calculate the remainder when d(3) is divided by n.
19
Suppose -10 = -o - 8. Suppose o*u = 12*u - 930. Suppose -93 = -3*h + d, 4*d + d = -3*h + u. Calculate the remainder when 152 is divided by h.
28
Let h = -31226 - -31315. What is the remainder when 15750 is divided by h?
86
Let f(o) = o**2 - 298*o + 10982. Calculate the remainder when f(38) is d